{"id":51,"date":"2020-05-27T12:31:03","date_gmt":"2020-05-27T12:31:03","guid":{"rendered":"http:\/\/foto-brede.de\/?page_id=51"},"modified":"2020-05-29T18:30:28","modified_gmt":"2020-05-29T16:30:28","slug":"ferienwohnung","status":"publish","type":"page","link":"http:\/\/foto-brede.de\/?page_id=51","title":{"rendered":"Ferienwohnung"},"content":{"rendered":"\n<p>Sofern ihr eine Wohnung auf der Insel besitzt, stehe<br>ich selbstverst\u00e4ndlich gerne f\u00fcr Fotos der Wohnung<br>zur Verf\u00fcgung.<br><br>Hierbei gibt es ganz individuelle M\u00f6glichkeiten der Gestaltung.<br>Von einfachen, reinen Wohnungsfotos bis hin zu GEMA-frei<br>vertonten Diashows.<br><br>Fragt mich einfach, dann erstelle ich ein Angebot.<\/p>\n\n\n\nngg_shortcode_0_placeholder\n","protected":false},"excerpt":{"rendered":"<p>Sofern ihr eine Wohnung auf der Insel besitzt, steheich selbstverst\u00e4ndlich gerne f\u00fcr Fotos der Wohnungzur Verf\u00fcgung.Hierbei gibt es ganz individuelle M\u00f6glichkeiten der Gestaltung.Von einfachen, reinen Wohnungsfotos bis hin zu GEMA-freivertonten Diashows.Fragt mich einfach, dann erstelle ich ein Angebot.<\/p>\n","protected":false},"author":1,"featured_media":0,"parent":0,"menu_order":0,"comment_status":"closed","ping_status":"closed","template":"","meta":{"ngg_post_thumbnail":0,"footnotes":""},"class_list":["post-51","page","type-page","status-publish","hentry"],"_links":{"self":[{"href":"http:\/\/foto-brede.de\/index.php?rest_route=\/wp\/v2\/pages\/51","targetHints":{"allow":["GET"]}}],"collection":[{"href":"http:\/\/foto-brede.de\/index.php?rest_route=\/wp\/v2\/pages"}],"about":[{"href":"http:\/\/foto-brede.de\/index.php?rest_route=\/wp\/v2\/types\/page"}],"author":[{"embeddable":true,"href":"http:\/\/foto-brede.de\/index.php?rest_route=\/wp\/v2\/users\/1"}],"replies":[{"embeddable":true,"href":"http:\/\/foto-brede.de\/index.php?rest_route=%2Fwp%2Fv2%2Fcomments&post=51"}],"version-history":[{"count":4,"href":"http:\/\/foto-brede.de\/index.php?rest_route=\/wp\/v2\/pages\/51\/revisions"}],"predecessor-version":[{"id":203,"href":"http:\/\/foto-brede.de\/index.php?rest_route=\/wp\/v2\/pages\/51\/revisions\/203"}],"wp:attachment":[{"href":"http:\/\/foto-brede.de\/index.php?rest_route=%2Fwp%2Fv2%2Fmedia&parent=51"}],"curies":[{"name":"wp","href":"https:\/\/api.w.org\/{rel}","templated":true}]}}

<p>Sofern ihr eine Wohnung auf der Insel besitzt, stehe<br>ich selbstverständlich gerne für Fotos der Wohnung<br>zur Verfügung.<br><br>Hierbei gibt es ganz individuelle Möglichkeiten der Gestaltung.<br>Von einfachen, reinen Wohnungsfotos bis hin zu GEMA-frei<br>vertonten Diashows.<br><br>Fragt mich einfach, dann erstelle ich ein Angebot.</p>



ngg_shortcode_0_placeholder

<p>Sofern ihr eine Wohnung auf der Insel besitzt, steheich selbstverständlich gerne für Fotos der Wohnungzur Verfügung.Hierbei gibt es ganz individuelle Möglichkeiten der Gestaltung.Von einfachen, reinen Wohnungsfotos bis hin zu GEMA-freivertonten Diashows.Fragt mich einfach, dann erstelle ich ein Angebot.</p>
