{"id":30,"date":"2020-05-27T12:25:27","date_gmt":"2020-05-27T12:25:27","guid":{"rendered":"http:\/\/foto-brede.de\/?page_id=30"},"modified":"2020-05-27T17:24:59","modified_gmt":"2020-05-27T15:24:59","slug":"leistungen","status":"publish","type":"page","link":"http:\/\/foto-brede.de\/?page_id=30","title":{"rendered":"Leistungen"},"content":{"rendered":"\n<p>Je nachdem, f\u00fcr welchen Zeitraum ihr mich gebucht habt, werde ich<br>die ganze Zeit bei euch sein und neben den \u00fcblichen Hochzeitsfotos auch<br>das &#8222;Drumherum&#8220; im Stile einer Reportage festhalten.<\/p>\n\n\n\n<p>Ihr erhaltet eure Fotos in voller Kameraaufl\u00f6sung und werbefrei auf<br>USB-Stick. Hierbei bekommtc ihr auch die Nutzungsrechte<br>f\u00fcr die Bilder und k\u00f6nnt jederzeit bei einem Ausbelichter eurer Wahl<br>Fotos ausdrucken lassen. Es entstehen somit keinerlei Folgekosten mehr<br>bei mir.<\/p>\n\n\n\n<p>Neben dem Stick erhaltet ihr noch einen Indexausdruck und einige<br>Bilder im Format 13 x 18, gedruckt aus einem Tintenstrahldrucker.<\/p>\n","protected":false},"excerpt":{"rendered":"<p>Je nachdem, f\u00fcr welchen Zeitraum ihr mich gebucht habt, werde ichdie ganze Zeit bei euch sein und neben den \u00fcblichen Hochzeitsfotos auchdas &#8222;Drumherum&#8220; im Stile einer Reportage festhalten. Ihr erhaltet eure Fotos in voller Kameraaufl\u00f6sung und werbefrei aufUSB-Stick. Hierbei bekommtc ihr auch die Nutzungsrechtef\u00fcr die Bilder und k\u00f6nnt jederzeit bei einem Ausbelichter eurer WahlFotos ausdrucken [&hellip;]<\/p>\n","protected":false},"author":1,"featured_media":0,"parent":0,"menu_order":0,"comment_status":"closed","ping_status":"closed","template":"","meta":{"ngg_post_thumbnail":0,"footnotes":""},"class_list":["post-30","page","type-page","status-publish","hentry"],"_links":{"self":[{"href":"http:\/\/foto-brede.de\/index.php?rest_route=\/wp\/v2\/pages\/30","targetHints":{"allow":["GET"]}}],"collection":[{"href":"http:\/\/foto-brede.de\/index.php?rest_route=\/wp\/v2\/pages"}],"about":[{"href":"http:\/\/foto-brede.de\/index.php?rest_route=\/wp\/v2\/types\/page"}],"author":[{"embeddable":true,"href":"http:\/\/foto-brede.de\/index.php?rest_route=\/wp\/v2\/users\/1"}],"replies":[{"embeddable":true,"href":"http:\/\/foto-brede.de\/index.php?rest_route=%2Fwp%2Fv2%2Fcomments&post=30"}],"version-history":[{"count":4,"href":"http:\/\/foto-brede.de\/index.php?rest_route=\/wp\/v2\/pages\/30\/revisions"}],"predecessor-version":[{"id":206,"href":"http:\/\/foto-brede.de\/index.php?rest_route=\/wp\/v2\/pages\/30\/revisions\/206"}],"wp:attachment":[{"href":"http:\/\/foto-brede.de\/index.php?rest_route=%2Fwp%2Fv2%2Fmedia&parent=30"}],"curies":[{"name":"wp","href":"https:\/\/api.w.org\/{rel}","templated":true}]}}

<p>Je nachdem, für welchen Zeitraum ihr mich gebucht habt, werde ich<br>die ganze Zeit bei euch sein und neben den üblichen Hochzeitsfotos auch<br>das &#8222;Drumherum&#8220; im Stile einer Reportage festhalten.</p>



<p>Ihr erhaltet eure Fotos in voller Kameraauflösung und werbefrei auf<br>USB-Stick. Hierbei bekommtc ihr auch die Nutzungsrechte<br>für die Bilder und könnt jederzeit bei einem Ausbelichter eurer Wahl<br>Fotos ausdrucken lassen. Es entstehen somit keinerlei Folgekosten mehr<br>bei mir.</p>



<p>Neben dem Stick erhaltet ihr noch einen Indexausdruck und einige<br>Bilder im Format 13 x 18, gedruckt aus einem Tintenstrahldrucker.</p>

<p>Je nachdem, für welchen Zeitraum ihr mich gebucht habt, werde ichdie ganze Zeit bei euch sein und neben den üblichen Hochzeitsfotos auchdas &#8222;Drumherum&#8220; im Stile einer Reportage festhalten. Ihr erhaltet eure Fotos in voller Kameraauflösung und werbefrei aufUSB-Stick. Hierbei bekommtc ihr auch die Nutzungsrechtefür die Bilder und könnt jederzeit bei einem Ausbelichter eurer WahlFotos ausdrucken [&hellip;]</p>
